{"id":93,"date":"2013-06-07T11:36:34","date_gmt":"2013-06-07T11:36:34","guid":{"rendered":"http:\/\/demo.woothemes.com\/woocommerce\/?post_type=product&#038;p=93"},"modified":"2023-04-01T03:23:18","modified_gmt":"2023-04-01T03:23:18","slug":"depo-black-housing-tail-lights-frs-brz-86","status":"publish","type":"product","link":"https:\/\/www.albenjasa.com\/?product=depo-black-housing-tail-lights-frs-brz-86","title":{"rendered":"E25BMHL"},"content":{"rendered":"","protected":false},"excerpt":{"rendered":"<ul>\n<li><span style=\"color: #000000;\">Motor enduro para trabajo pesado (comercial).<\/span>\n<p><span style=\"color: #000000;\">Motor port\u00e1til y ligero.<\/span><\/p>\n<p><span style=\"color: #000000;\">F\u00e1cil operaci\u00f3n.<\/span><\/p>\n<p><span style=\"color: #000000;\">Salida de agua de enfriamiento por orificio piloto.<\/span><\/p>\n<p><span style=\"color: #000000;\">Control de enfriamiento por termostato.<\/span><\/p>\n<p><span style=\"color: #000000;\">Cig\u00fce\u00f1al seccionado para trabajo pesado y mantenimiento econ\u00f3mico.<\/span><\/p>\n<p><span style=\"color: #000000;\">Sistema de encendido C.D.I. libre de mantenimiento.<\/span><\/p>\n<p><span style=\"color: #000000;\">Interruptor de apagado de emergencia (hombre al agua).<\/span><\/p>\n<p><span style=\"color: #000000;\">Control de aceleraci\u00f3n fija en el maneral.<\/span><\/p>\n<p><span style=\"color: #000000;\">Control de la direcci\u00f3n fija.<\/span><\/p>\n<p><span style=\"color: #000000;\">Impulsor y caja de la bomba de agua de gran durabilidad.<\/span><\/p>\n<p><span style=\"color: #000000;\">Sistema de navegaci\u00f3n en aguas poco profundas.<\/span><\/p>\n<p><span style=\"color: #000000;\">Caja de engranes de la transmisi\u00f3n de uso rudo.<\/span><\/p>\n<p><span style=\"color: #000000;\">Control electr\u00f3nico de sobre revoluciones.<\/span><\/p>\n<p><span style=\"color: #000000;\">Sistema exclusivo de tratamiento especial anticorrosivo YDC-30.<\/span><\/p>\n<p><span style=\"color: #000000;\">5 Capas de pintura anticorrosiva.<\/span><\/p>\n<p><span style=\"color: #000000;\">\u00c1nodos de gran capacidad para evitar la corrosi\u00f3n.<\/span><\/li>\n<\/ul>\n","protected":false},"featured_media":4275,"comment_status":"open","ping_status":"closed","template":"","meta":{"_joinchat":[]},"product_cat":[85],"product_tag":[75],"class_list":{"0":"post-93","1":"product","2":"type-product","3":"status-publish","4":"has-post-thumbnail","6":"product_cat-2-tiempos","7":"product_tag-tires","9":"first","10":"instock","11":"shipping-taxable","12":"purchasable","13":"product-type-simple","14":"col-xs-6 col-sm-4","15":"col-md-3 col-lg-3","16":"un-4-cols"},"_links":{"self":[{"href":"https:\/\/www.albenjasa.com\/index.php?rest_route=\/wp\/v2\/product\/93","targetHints":{"allow":["GET"]}}],"collection":[{"href":"https:\/\/www.albenjasa.com\/index.php?rest_route=\/wp\/v2\/product"}],"about":[{"href":"https:\/\/www.albenjasa.com\/index.php?rest_route=\/wp\/v2\/types\/product"}],"replies":[{"embeddable":true,"href":"https:\/\/www.albenjasa.com\/index.php?rest_route=%2Fwp%2Fv2%2Fcomments&post=93"}],"wp:featuredmedia":[{"embeddable":true,"href":"https:\/\/www.albenjasa.com\/index.php?rest_route=\/wp\/v2\/media\/4275"}],"wp:attachment":[{"href":"https:\/\/www.albenjasa.com\/index.php?rest_route=%2Fwp%2Fv2%2Fmedia&parent=93"}],"wp:term":[{"taxonomy":"product_cat","embeddable":true,"href":"https:\/\/www.albenjasa.com\/index.php?rest_route=%2Fwp%2Fv2%2Fproduct_cat&post=93"},{"taxonomy":"product_tag","embeddable":true,"href":"https:\/\/www.albenjasa.com\/index.php?rest_route=%2Fwp%2Fv2%2Fproduct_tag&post=93"}],"curies":[{"name":"wp","href":"https:\/\/api.w.org\/{rel}","templated":true}]}}